{"id":15127,"date":"2020-05-04T15:16:04","date_gmt":"2020-05-04T13:16:04","guid":{"rendered":"https:\/\/www.gold.fr\/news\/?page_id=15127"},"modified":"2021-08-16T15:24:43","modified_gmt":"2021-08-16T13:24:43","slug":"rendez-vous","status":"publish","type":"page","link":"https:\/\/www.gold.fr\/news\/rendez-vous\/","title":{"rendered":"Prise de RDV"},"content":{"rendered":"<p>Pour toutes vos op\u00e9rations d&rsquo;expertise, d&rsquo;achat ou de vente d&rsquo;or, prenez d\u00e8s \u00e0 pr\u00e9sent rendez-vous en s\u00e9lectionnant le cr\u00e9neau qui vous convient.<\/p>\n<p><span style=\"color: #ff0000;\"><strong>Votre<\/strong><\/span> <span style=\"color: #ff0000;\"><strong>r\u00e9servation devra \u00eatre prise au moins 48h avant la date du rendez-vous<\/strong><\/span>, afin que nos \u00e9quipes puissent traiter votre demande.<\/p>\n<p>IMPORTANT : Suite \u00e0 votre demande de prise de rendez-vous, vous recevrez un premier e-mail r\u00e9capitulatif de votre demande.<\/p>\n<p><strong>D\u00e8s validation de votre rendez-vous, vous recevrez un deuxi\u00e8me e-mail qui confirmera votre cr\u00e9neau.<\/strong><\/p>\n<p>&nbsp;<\/p>\n<p>[ea_bootstrap width=\u00a0\u00bb800px\u00a0\u00bb min_date=\u00a0\u00bb+2d\u00a0\u00bb scroll_off=\u00a0\u00bbtrue\u00a0\u00bb layout_cols=\u00a0\u00bb2&Prime;]<\/p>\n<p>En remplissant ce formulaire de prise de RDV, vous acceptez d&rsquo;\u00eatre contact\u00e9(e) par Le Comptoir National de l&rsquo;Or par courrier \u00e9lectronique et t\u00e9l\u00e9phone. (cf <a href=\"https:\/\/www.gold.fr\/informations-sur-l-or\/nous-connaitre\/informations-sur-les-cookies\" target=\"_blank\" rel=\"noopener noreferrer\">Charte sur les Donn\u00e9es Personnelles<\/a>)<\/p>\n<!-- AddThis Advanced Settings generic via filter on the_content --><!-- AddThis Share Buttons generic via filter on the_content -->","protected":false},"excerpt":{"rendered":"<p>Pour toutes vos op\u00e9rations d&rsquo;expertise, d&rsquo;achat ou de vente d&rsquo;or, prenez d\u00e8s \u00e0 pr\u00e9sent rendez-vous en s\u00e9lectionnant le cr\u00e9neau qui vous convient. Votre r\u00e9servation devra \u00eatre prise au moins 48h avant la date du rendez-vous, afin [&hellip;]<\/p>\n","protected":false},"author":43,"featured_media":0,"parent":0,"menu_order":0,"comment_status":"closed","ping_status":"closed","template":"page_rdv.php","meta":{"_mbp_gutenberg_autopost":false,"_pgmb_is_evergreen":false,"_pgmb_ap_template_id":0,"footnotes":""},"class_list":["post-15127","page","type-page","status-publish","hentry"],"yoast_head":"<!-- This site is optimized with the Yoast SEO plugin v27.5 - https:\/\/yoast.com\/product\/yoast-seo-wordpress\/ -->\n<title>Prendre rendez-vous en ligne avec votre Comptoir National de l&#039;Or<\/title>\n<meta name=\"description\" content=\"Prendre rendez-vous en ligne avec votre Comptoir National de l&#039;Or le plus pr\u00e8s de chez vous. Achat d&#039;Or, Vente de bijoux en Or Obtenir du Cash\" \/>\n<meta name=\"robots\" content=\"index, follow, max-snippet:-1, max-image-preview:large, max-video-preview:-1\" \/>\n<link rel=\"canonical\" href=\"https:\/\/www.gold.fr\/news\/rendez-vous\/\" \/>\n<meta property=\"og:locale\" content=\"fr_FR\" \/>\n<meta property=\"og:type\" content=\"article\" \/>\n<meta property=\"og:title\" content=\"Prendre rendez-vous en ligne avec votre Comptoir National de l&#039;Or\" \/>\n<meta property=\"og:description\" content=\"Prendre rendez-vous en ligne avec votre Comptoir National de l&#039;Or le plus pr\u00e8s de chez vous. Achat d&#039;Or, Vente de bijoux en Or Obtenir du Cash\" \/>\n<meta property=\"og:url\" content=\"https:\/\/www.gold.fr\/news\/rendez-vous\/\" \/>\n<meta property=\"og:site_name\" content=\"Gold.fr\" \/>\n<meta property=\"article:publisher\" content=\"https:\/\/www.facebook.com\/Goldfr\/\" \/>\n<meta property=\"article:modified_time\" content=\"2021-08-16T13:24:43+00:00\" \/>\n<meta name=\"twitter:card\" content=\"summary_large_image\" \/>\n<meta name=\"twitter:label1\" content=\"Dur\u00e9e de lecture estim\u00e9e\" \/>\n\t<meta name=\"twitter:data1\" content=\"1 minute\" \/>\n<script type=\"application\/ld+json\" class=\"yoast-schema-graph\">{\"@context\":\"https:\\\/\\\/schema.org\",\"@graph\":[{\"@type\":\"WebPage\",\"@id\":\"https:\\\/\\\/www.gold.fr\\\/news\\\/rendez-vous\\\/\",\"url\":\"https:\\\/\\\/www.gold.fr\\\/news\\\/rendez-vous\\\/\",\"name\":\"Prendre rendez-vous en ligne avec votre Comptoir National de l'Or\",\"isPartOf\":{\"@id\":\"https:\\\/\\\/www.gold.fr\\\/news\\\/#website\"},\"datePublished\":\"2020-05-04T13:16:04+00:00\",\"dateModified\":\"2021-08-16T13:24:43+00:00\",\"description\":\"Prendre rendez-vous en ligne avec votre Comptoir National de l'Or le plus pr\u00e8s de chez vous. Achat d'Or, Vente de bijoux en Or Obtenir du Cash\",\"breadcrumb\":{\"@id\":\"https:\\\/\\\/www.gold.fr\\\/news\\\/rendez-vous\\\/#breadcrumb\"},\"inLanguage\":\"fr-FR\",\"potentialAction\":[{\"@type\":\"ReadAction\",\"target\":[\"https:\\\/\\\/www.gold.fr\\\/news\\\/rendez-vous\\\/\"]}]},{\"@type\":\"BreadcrumbList\",\"@id\":\"https:\\\/\\\/www.gold.fr\\\/news\\\/rendez-vous\\\/#breadcrumb\",\"itemListElement\":[{\"@type\":\"ListItem\",\"position\":1,\"name\":\"Accueil\",\"item\":\"https:\\\/\\\/www.gold.fr\\\/\"},{\"@type\":\"ListItem\",\"position\":2,\"name\":\"Actualit\u00e9s\",\"item\":\"https:\\\/\\\/www.gold.fr\\\/news\\\/\"},{\"@type\":\"ListItem\",\"position\":3,\"name\":\"Prise de RDV\"}]},{\"@type\":\"WebSite\",\"@id\":\"https:\\\/\\\/www.gold.fr\\\/news\\\/#website\",\"url\":\"https:\\\/\\\/www.gold.fr\\\/news\\\/\",\"name\":\"Gold.fr\",\"description\":\"Actualit\u00e9s de l&#039;Or et des m\u00e9taux pr\u00e9cieux\",\"potentialAction\":[{\"@type\":\"SearchAction\",\"target\":{\"@type\":\"EntryPoint\",\"urlTemplate\":\"https:\\\/\\\/www.gold.fr\\\/news\\\/?s={search_term_string}\"},\"query-input\":{\"@type\":\"PropertyValueSpecification\",\"valueRequired\":true,\"valueName\":\"search_term_string\"}}],\"inLanguage\":\"fr-FR\"}]}<\/script>\n<!-- \/ Yoast SEO plugin. -->","yoast_head_json":{"title":"Prendre rendez-vous en ligne avec votre Comptoir National de l'Or","description":"Prendre rendez-vous en ligne avec votre Comptoir National de l'Or le plus pr\u00e8s de chez vous. Achat d'Or, Vente de bijoux en Or Obtenir du Cash","robots":{"index":"index","follow":"follow","max-snippet":"max-snippet:-1","max-image-preview":"max-image-preview:large","max-video-preview":"max-video-preview:-1"},"canonical":"https:\/\/www.gold.fr\/news\/rendez-vous\/","og_locale":"fr_FR","og_type":"article","og_title":"Prendre rendez-vous en ligne avec votre Comptoir National de l'Or","og_description":"Prendre rendez-vous en ligne avec votre Comptoir National de l'Or le plus pr\u00e8s de chez vous. Achat d'Or, Vente de bijoux en Or Obtenir du Cash","og_url":"https:\/\/www.gold.fr\/news\/rendez-vous\/","og_site_name":"Gold.fr","article_publisher":"https:\/\/www.facebook.com\/Goldfr\/","article_modified_time":"2021-08-16T13:24:43+00:00","twitter_card":"summary_large_image","twitter_misc":{"Dur\u00e9e de lecture estim\u00e9e":"1 minute"},"schema":{"@context":"https:\/\/schema.org","@graph":[{"@type":"WebPage","@id":"https:\/\/www.gold.fr\/news\/rendez-vous\/","url":"https:\/\/www.gold.fr\/news\/rendez-vous\/","name":"Prendre rendez-vous en ligne avec votre Comptoir National de l'Or","isPartOf":{"@id":"https:\/\/www.gold.fr\/news\/#website"},"datePublished":"2020-05-04T13:16:04+00:00","dateModified":"2021-08-16T13:24:43+00:00","description":"Prendre rendez-vous en ligne avec votre Comptoir National de l'Or le plus pr\u00e8s de chez vous. Achat d'Or, Vente de bijoux en Or Obtenir du Cash","breadcrumb":{"@id":"https:\/\/www.gold.fr\/news\/rendez-vous\/#breadcrumb"},"inLanguage":"fr-FR","potentialAction":[{"@type":"ReadAction","target":["https:\/\/www.gold.fr\/news\/rendez-vous\/"]}]},{"@type":"BreadcrumbList","@id":"https:\/\/www.gold.fr\/news\/rendez-vous\/#breadcrumb","itemListElement":[{"@type":"ListItem","position":1,"name":"Accueil","item":"https:\/\/www.gold.fr\/"},{"@type":"ListItem","position":2,"name":"Actualit\u00e9s","item":"https:\/\/www.gold.fr\/news\/"},{"@type":"ListItem","position":3,"name":"Prise de RDV"}]},{"@type":"WebSite","@id":"https:\/\/www.gold.fr\/news\/#website","url":"https:\/\/www.gold.fr\/news\/","name":"Gold.fr","description":"Actualit\u00e9s de l&#039;Or et des m\u00e9taux pr\u00e9cieux","potentialAction":[{"@type":"SearchAction","target":{"@type":"EntryPoint","urlTemplate":"https:\/\/www.gold.fr\/news\/?s={search_term_string}"},"query-input":{"@type":"PropertyValueSpecification","valueRequired":true,"valueName":"search_term_string"}}],"inLanguage":"fr-FR"}]}},"_links":{"self":[{"href":"https:\/\/www.gold.fr\/news\/wp-json\/wp\/v2\/pages\/15127","targetHints":{"allow":["GET"]}}],"collection":[{"href":"https:\/\/www.gold.fr\/news\/wp-json\/wp\/v2\/pages"}],"about":[{"href":"https:\/\/www.gold.fr\/news\/wp-json\/wp\/v2\/types\/page"}],"author":[{"embeddable":true,"href":"https:\/\/www.gold.fr\/news\/wp-json\/wp\/v2\/users\/43"}],"replies":[{"embeddable":true,"href":"https:\/\/www.gold.fr\/news\/wp-json\/wp\/v2\/comments?post=15127"}],"version-history":[{"count":0,"href":"https:\/\/www.gold.fr\/news\/wp-json\/wp\/v2\/pages\/15127\/revisions"}],"wp:attachment":[{"href":"https:\/\/www.gold.fr\/news\/wp-json\/wp\/v2\/media?parent=15127"}],"curies":[{"name":"wp","href":"https:\/\/api.w.org\/{rel}","templated":true}]}}